k = 15 - 4. Let y(w) = -k*w + 1 - 9 + 20*w**2 - 18*w**2. What are the prime factors of y(8)?
2
Suppose -4*v = -n + 1096 - 4677, 5 = -5*n. List the prime factors of v.
5, 179
Let z(g) = -11*g + 14 - 13*g**2 + 7*g**3 - g**3 - 7*g**3 + 2*g**3. List the prime factors of z(14).
2, 7
Let r = 24 + -21. Suppose -4*l + 22 = 2*k, 2*k + 3*l = -r*k + 34. Suppose -4*z - 5*f = -72, -2*z + 39 + 7 = k*f. What are the prime factors of z?
13
Suppose 9 + 6 = 3*j - z, 2*j - 3*z - 17 = 0. Suppose 2*k - 114 = -j*q, 0*q + 2*k + 41 = q. List the prime factors of q.
31
Let l = -200 - -100. Let y be -2 - -2 - (-3 + 3). What are the prime factors of (3 - y)/((-15)/l)?
2, 5
Suppose j = m - 2*m + 1056, -4228 = -4*m - 5*j. What are the prime factors of m?
2, 263
Suppose -720 = -38*r + 33*r. What are the prime factors of r?
2, 3
Let u = 56 + -54. What are the prime factors of 524*u/(-40)*-5?
131
Let s = 12598 + -6871. What are the prime factors of s?
3, 23, 83
Let d be (-20)/130 - (-108)/26. Suppose 4*b + 8*o - 3*o = -475, -d*b + 5*o = 485. List the prime factors of b/12*(-1 - 1).
2, 5
Suppose -c + 2626 = -3*k - 2589, 5*k = 4*c - 20825. What are the prime factors of c?
2, 5, 13
Let a(n) = -3*n - 12. Let o be a(-6). Let r = 4 + o. List the prime factors of r.
2, 5
Let s = 10069 - 5770. What are the prime factors of s?
3, 1433
Let z be -232 + 0*1/(-3). List the prime factors of 32/144 + z/(-9).
2, 13
Let a(r) = 13*r. Let y be a(-1). Let t = y - -14. Suppose -z + t = 0, 3*i - 7*z + 2*z = 10. What are the prime factors of i?
5
Let n(p) be the first derivative of -p**2/2 - 8*p - 1. Let r be n(-8). Suppose -8*q + 6*q + 54 = r. List the prime factors of q.
3
Let w be (6 - 4 - -2)/((-2)/85). What are the prime factors of (-2)/((-8)/w)*400/(-125)?
2, 17
Let z(f) = f**3 + 2*f**2 + 6. Let u be z(0). Let t(d) = 4*d**2 + d + 1. Let v be t(-2). Let x = v - u. What are the prime factors of x?
3
Let i be 3/(-1)*4/4. Let j = -4 - i. Let a(w) = -10*w**3 - 2*w**2 + 1. List the prime factors of a(j).
3
Let w be ((-3)/2)/(6/(-544)). Let l be (0 + w/20)*10. Suppose 3*k = -5*o + 78, -3*o + l = 2*k - 5*o. List the prime factors of k.
31
Let u(h) = 2*h**2 - 8*h - 10. Let o be u(-8). Suppose 122 + o = 8*m. What are the prime factors of m?
2, 19
Let g(n) = -n**2 - 11*n + 1. Let z be (27 - 5)/(1 - 3). Let i be g(z). Suppose 0 = 2*c - i - 5. List the prime factors of c.
3
Suppose -5*y + 554 = -2*d + 184, 0 = 2*d - 10. What are the prime factors of y?
2, 19
Suppose 5*d + 15 = 0, u - 3*d = -4*d. Let c(n) = 104 + u*n - 59 - 51 + 2*n**2. List the prime factors of c(5).
59
List the prime factors of ((-2)/6)/(4/(-1944)).
2, 3
Suppose -5*p - 336 = -3*p. Let g = p + 391. What are the prime factors of g?
223
Suppose -7*t - 4*s - 701 = -8*t, 4*t - 2768 = -2*s. List the prime factors of t.
3, 7, 11
List the prime factors of (157/(-1))/(196/(-16) - -12).
2, 157
List the prime factors of 2/10 + 25564/55.
3, 5, 31
Suppose c + 850 = 6203. What are the prime factors of c?
53, 101
Let q(k) = 29*k**2 + 29*k + 48. What are the prime factors of q(-9)?
2, 3, 89
Suppose 8*a - 12*a = 0. Suppose u - 2*b = -3*b + 7, a = 4*u + 2*b - 20. Suppose -2*p + 3*p = u. List the prime factors of p.
3
Suppose 1385 = -z - 4*q + 3533, 4*z = -4*q + 8616. List the prime factors of z.
2, 7, 11
Suppose 0 = -3*f + 223 + 656. List the prime factors of f.
293
Suppose -6*x = -5647 - 8813. List the prime factors of x.
2, 5, 241
Let x(u) = -u**2 - 9*u + 10. Let f be x(-9). Let k be 1*-2*(81/6)/9. What are the prime factors of ((-5)/f)/(k/366)?
61
Let p(b) = 0*b + 8*b + b**2 + 2 - 6 - 2. Let t be p(-9). List the prime factors of ((-6)/4)/t*-122.
61
Suppose 0 = -0*o + 5*o. Suppose o = -4*g - 229 + 77. Let p = g - -67. What are the prime factors of p?
29
Let x(s) = 18*s**2 - 33 + 3*s + 26 - 17*s**2. Let y be 5/(-1) + 0/2. List the prime factors of x(y).
3
Let n be (2 - 0)/(7/(-238)). Let o = 0 - n. What are the prime factors of o?
2, 17
Let i = 41 - 24. Suppose -3*k + i = -10. List the prime factors of k.
3
Let l(n) = -n**3 + 24*n**2 - 26*n - 47. List the prime factors of l(22).
349
Let m be (-54)/(-24)*(-24)/(-9). What are the prime factors of m/(-24) - 285/(-4)?
71
Let t be 954/24 + (2 - -1)/12. Suppose t = r - 105. What are the prime factors of r?
5, 29
Let x = 2168 + -688. List the prime factors of x.
2, 5, 37
Let i(r) = 217*r - 2. What are the prime factors of i(2)?
2, 3
Suppose -v + 10 = 4*v, 0 = -b + v + 56. Suppose -6*l - b = -7*l. List the prime factors of l.
2, 29
List the prime factors of ((-81)/6)/((84/512)/(-7)).
2, 3
Let w(b) = -10*b**3 - 7*b. Let v be w(-3). Let z = -161 + v. What are the prime factors of z?
2, 5, 13
Suppose -1141 = -2*a - 2*x + 633, 0 = x. What are the prime factors of a?
887
Let d(j) = j - 4. Let s be d(-5). Let w be (0/(-1))/((-9)/s). Suppose -3*l + 2*l + 5*o + 25 = 0, w = 4*l + 5*o - 75. List the prime factors of l.
2, 5
Suppose 2*k - 3*t = 8, -k = -6*k - 2*t + 39. Suppose 5*a + 20 = 0, -3*f + 5*a = k*a - 427. What are the prime factors of f?
5, 29
What are the prime factors of (-2904)/(-69) - (-14)/(-161)?
2, 3, 7
List the prime factors of (-12*12/10)/((-1)/30).
2, 3
Let w = 413 + -87. What are the prime factors of w?
2, 163
Suppose 3*i + 3*q = 5*q + 1921, 0 = -4*i + 5*q + 2573. List the prime factors of i.
7, 13
Suppose -797*d + 815*d = 73908. List the prime factors of d.
2, 2053
Suppose -6*a + 9 = -7*a. Let i(u) = 4*u**2 + 15*u - 14. List the prime factors of i(a).
5, 7
Let k = -104 - -108. List the prime factors of 97 + k + 5/5.
2, 3, 17
Suppose 4*p - 158 = -2*x, -x + 4*p = x - 174. List the prime factors of x.
83
Suppose -102*s = -99*s - 1899. Let j = s - 415. What are the prime factors of j?
2, 109
Let d(w) = 110*w**2 + 3*w - 2. What are the prime factors of d(1)?
3, 37
Let s(d) = -d + 15. Let n be s(11). Let o(t) = -7 - t**3 + n*t + 5 - 2 - 5*t**2. What are the prime factors of o(-6)?
2
Let t = 6057 - 1847. List the prime factors of t.
2, 5, 421
Suppose -4*m = 5*o - 15019, o + 9892 = 3*m - 1377. List the prime factors of m.
2, 3, 313
What are the prime factors of (140/25 - 8)*1650/(-4)?
2, 3, 5, 11
Suppose 0 = 2*x - 5*v - 3277, 2*v - 7*v = -4*x + 6549. What are the prime factors of x?
2, 409
Let r(l) = -3*l**2 + 2*l. Let s be r(2). Let a(n) = n**3 + 7*n**2 - 10*n + 16. List the prime factors of a(s).
2
Let u(g) = -2*g**3 - 3*g**2 + 2*g. Let k be u(-4). Let j = -43 - -45. Suppose m - k = -j*m. List the prime factors of m.
2, 3
Let y = -25 + 29. Suppose n = 3*h + 103, 0 = y*n + h + 3*h - 364. List the prime factors of n.
2, 47
Let j(f) = -f + 1. Suppose 0 = 3*o + 2*y + 20, -2*o - 5*y - 12 = -4*y. Let w be j(o). Let x = w + 27. List the prime factors of x.
2
Suppose -6*c + 1779 = 159. List the prime factors of c.
2, 3, 5
What are the prime factors of 5/3 + ((-61632)/(-27))/8?
7, 41
Let h = 161 + 451. What are the prime factors of h?
2, 3, 17
Let l be (-8)/(-6)*6/4. Let d be 2 - (1 + -1 + -46) - 0. Suppose d = b - 2*r, -3*b - b - l*r + 172 = 0. List the prime factors of b.
2, 11
Let p(n) = 2*n**2 + 10*n**3 + 1 - 2*n - 2*n**3 + 4*n - 4*n. Let w be p(1). List the prime factors of 2 - w*4*-1.
2, 19
Let m(o) = -59*o**3 + 7*o + 16. List the prime factors of m(-2).
2, 3, 79
Suppose x = -k + 393, x - 160 = 4*k + 258. List the prime factors of x.
2, 199
Suppose 46*r - 4*r = 43050. List the prime factors of r.
5, 41
Let f(m) = 49*m + 80. What are the prime factors of f(4)?
2, 3, 23
What are the prime factors of (68/3)/(1 - 1183/1209)?
2, 17, 31
Let o = 66 - 62. What are the prime factors of (o/1 + (-35)/3)*-3?
23
Let m(u) = -u**2 + 6*u + 2. Let w be m(4). Suppose 0 = -2*q + w, -4*c + 3*q = -0*q + 19. List the prime factors of 22 - (6/(-3) + c).
5
Let m(t) = t**2 + 34*t + 107. List the prime factors of m(18).
7, 149
Let f be (-1 - -1) + 1 + -18 + -1. What are the prime factors of 140/(-30)*f/7?
2, 3
Suppose -3*a - a = -2*v - 38, 3*a + 5*v - 9 = 0. Let d = 31 - 40. Let y = a - d. What are the prime factors of y?
17
Let h = 8 + -18. What are the prime factors of (-364)/h - (-10)/(-25)?
2, 3
Let s = 93 + -89. Suppose 2*o - o + 468 = 2*t, -t - s*o = -243. What are the prime factors of t?
5, 47
Suppose 7*k = 11 + 10. Suppose 513 = k*d + t - 377, 0 = d - t - 302. List the prime factors of d.
2, 149
Let l(y) = 21*y**2 - 7*y - 